{"id":3513,"date":"2025-07-25T13:27:46","date_gmt":"2025-07-25T13:27:46","guid":{"rendered":"http:\/\/erudito.lt\/komanda\/grazina-jureviciene\/"},"modified":"2025-08-22T10:30:37","modified_gmt":"2025-08-22T10:30:37","slug":"grazina-jureviciene","status":"publish","type":"team-member","link":"https:\/\/erudito.lt\/en\/komanda\/grazina-jureviciene\/","title":{"rendered":"Gra\u017eina Jurevi\u010dien\u0117"},"content":{"rendered":"\n<p>Teacher Gra\u017eina has nearly twenty years of professional experience. She earned a Bachelor\u2019s degree in Education and a teaching qualification in Primary Education Pedagogy from Vilnius Pedagogical University. In recent years, she has been nominated as the \u201cMost Innovative Primary School Teacher.\u201d She continually enhances her knowledge and experience by participating in Erasmus+ projects, collaborating with and learning from partners in Paris, Avignon, Guadeloupe, Hungary, Romania, North Macedonia, and Israel.<br\/><br\/><br\/>Gra\u017eina is well-versed in institutional pedagogy methods and practices, which focus on teaching children at a pace suited to them. She applies some of these methods directly in her classroom. She has a strong interest in gifted education and gains experience from the Ron Vardi Center for Gifted Children in Israel. Additionally, she serves as a lecturer at Vytautas Magnus University\u2019s International Lithuanian-Israeli Education Center \u201cGifted.\u201d      <\/p>\n\n<p><strong>She follows<\/strong> the principle and lives by Mother Teresa\u2019s belief: \u201cGive time to give! The day is too short to be selfish.\u201d <\/p>\n","protected":false},"featured_media":3702,"template":"","department":[91],"class_list":["post-3513","team-member","type-team-member","status-publish","has-post-thumbnail","hentry","department-grades-0-4-en"],"acf":[],"yoast_head":"<!-- This site is optimized with the Yoast SEO plugin v27.3 - https:\/\/yoast.com\/product\/yoast-seo-wordpress\/ -->\n<title>Gra\u017eina Jurevi\u010dien\u0117 | erudito<\/title>\n<meta name=\"description\" content=\"Innovative educator with an interest in gifted education, continually expanding her experience through international Erasmus+ and Gifted projects.\" \/>\n<meta name=\"robots\" content=\"index, follow, max-snippet:-1, max-image-preview:large, max-video-preview:-1\" \/>\n<link rel=\"canonical\" href=\"https:\/\/erudito.lt\/en\/komanda\/grazina-jureviciene\/\" \/>\n<meta property=\"og:locale\" content=\"en_US\" \/>\n<meta property=\"og:type\" content=\"article\" \/>\n<meta property=\"og:title\" content=\"Gra\u017eina Jurevi\u010dien\u0117 | erudito\" \/>\n<meta property=\"og:description\" content=\"Innovative educator with an interest in gifted education, continually expanding her experience through international Erasmus+ and Gifted projects.\" \/>\n<meta property=\"og:url\" content=\"https:\/\/erudito.lt\/en\/komanda\/grazina-jureviciene\/\" \/>\n<meta property=\"og:site_name\" content=\"erudito\" \/>\n<meta property=\"article:modified_time\" content=\"2025-08-22T10:30:37+00:00\" \/>\n<meta property=\"og:image\" content=\"https:\/\/erudito.lt\/wp-content\/uploads\/2025\/07\/535414848_2520095311687271_8435130450950225726_n.jpg\" \/>\n\t<meta property=\"og:image:width\" content=\"1536\" \/>\n\t<meta property=\"og:image:height\" content=\"1548\" \/>\n\t<meta property=\"og:image:type\" content=\"image\/jpeg\" \/>\n<meta name=\"twitter:card\" content=\"summary_large_image\" \/>\n<meta name=\"twitter:label1\" content=\"Est. reading time\" \/>\n\t<meta name=\"twitter:data1\" content=\"2 minutes\" \/>\n<script type=\"application\/ld+json\" class=\"yoast-schema-graph\">{\"@context\":\"https:\\\/\\\/schema.org\",\"@graph\":[{\"@type\":\"WebPage\",\"@id\":\"https:\\\/\\\/erudito.lt\\\/en\\\/komanda\\\/grazina-jureviciene\\\/\",\"url\":\"https:\\\/\\\/erudito.lt\\\/en\\\/komanda\\\/grazina-jureviciene\\\/\",\"name\":\"Gra\u017eina Jurevi\u010dien\u0117 | erudito\",\"isPartOf\":{\"@id\":\"https:\\\/\\\/erudito.lt\\\/#website\"},\"primaryImageOfPage\":{\"@id\":\"https:\\\/\\\/erudito.lt\\\/en\\\/komanda\\\/grazina-jureviciene\\\/#primaryimage\"},\"image\":{\"@id\":\"https:\\\/\\\/erudito.lt\\\/en\\\/komanda\\\/grazina-jureviciene\\\/#primaryimage\"},\"thumbnailUrl\":\"https:\\\/\\\/erudito.lt\\\/wp-content\\\/uploads\\\/2025\\\/07\\\/535414848_2520095311687271_8435130450950225726_n.jpg\",\"datePublished\":\"2025-07-25T13:27:46+00:00\",\"dateModified\":\"2025-08-22T10:30:37+00:00\",\"description\":\"Innovative educator with an interest in gifted education, continually expanding her experience through international Erasmus+ and Gifted projects.\",\"breadcrumb\":{\"@id\":\"https:\\\/\\\/erudito.lt\\\/en\\\/komanda\\\/grazina-jureviciene\\\/#breadcrumb\"},\"inLanguage\":\"en-US\",\"potentialAction\":[{\"@type\":\"ReadAction\",\"target\":[\"https:\\\/\\\/erudito.lt\\\/en\\\/komanda\\\/grazina-jureviciene\\\/\"]}]},{\"@type\":\"ImageObject\",\"inLanguage\":\"en-US\",\"@id\":\"https:\\\/\\\/erudito.lt\\\/en\\\/komanda\\\/grazina-jureviciene\\\/#primaryimage\",\"url\":\"https:\\\/\\\/erudito.lt\\\/wp-content\\\/uploads\\\/2025\\\/07\\\/535414848_2520095311687271_8435130450950225726_n.jpg\",\"contentUrl\":\"https:\\\/\\\/erudito.lt\\\/wp-content\\\/uploads\\\/2025\\\/07\\\/535414848_2520095311687271_8435130450950225726_n.jpg\",\"width\":1536,\"height\":1548},{\"@type\":\"BreadcrumbList\",\"@id\":\"https:\\\/\\\/erudito.lt\\\/en\\\/komanda\\\/grazina-jureviciene\\\/#breadcrumb\",\"itemListElement\":[{\"@type\":\"ListItem\",\"position\":1,\"name\":\"Home\",\"item\":\"https:\\\/\\\/erudito.lt\\\/en\\\/\"},{\"@type\":\"ListItem\",\"position\":2,\"name\":\"Gra\u017eina Jurevi\u010dien\u0117\"}]},{\"@type\":\"WebSite\",\"@id\":\"https:\\\/\\\/erudito.lt\\\/#website\",\"url\":\"https:\\\/\\\/erudito.lt\\\/\",\"name\":\"erudito\",\"description\":\"\",\"potentialAction\":[{\"@type\":\"SearchAction\",\"target\":{\"@type\":\"EntryPoint\",\"urlTemplate\":\"https:\\\/\\\/erudito.lt\\\/?s={search_term_string}\"},\"query-input\":{\"@type\":\"PropertyValueSpecification\",\"valueRequired\":true,\"valueName\":\"search_term_string\"}}],\"inLanguage\":\"en-US\"}]}<\/script>\n<!-- \/ Yoast SEO plugin. -->","yoast_head_json":{"title":"Gra\u017eina Jurevi\u010dien\u0117 | erudito","description":"Innovative educator with an interest in gifted education, continually expanding her experience through international Erasmus+ and Gifted projects.","robots":{"index":"index","follow":"follow","max-snippet":"max-snippet:-1","max-image-preview":"max-image-preview:large","max-video-preview":"max-video-preview:-1"},"canonical":"https:\/\/erudito.lt\/en\/komanda\/grazina-jureviciene\/","og_locale":"en_US","og_type":"article","og_title":"Gra\u017eina Jurevi\u010dien\u0117 | erudito","og_description":"Innovative educator with an interest in gifted education, continually expanding her experience through international Erasmus+ and Gifted projects.","og_url":"https:\/\/erudito.lt\/en\/komanda\/grazina-jureviciene\/","og_site_name":"erudito","article_modified_time":"2025-08-22T10:30:37+00:00","og_image":[{"width":1536,"height":1548,"url":"https:\/\/erudito.lt\/wp-content\/uploads\/2025\/07\/535414848_2520095311687271_8435130450950225726_n.jpg","type":"image\/jpeg"}],"twitter_card":"summary_large_image","twitter_misc":{"Est. reading time":"2 minutes"},"schema":{"@context":"https:\/\/schema.org","@graph":[{"@type":"WebPage","@id":"https:\/\/erudito.lt\/en\/komanda\/grazina-jureviciene\/","url":"https:\/\/erudito.lt\/en\/komanda\/grazina-jureviciene\/","name":"Gra\u017eina Jurevi\u010dien\u0117 | erudito","isPartOf":{"@id":"https:\/\/erudito.lt\/#website"},"primaryImageOfPage":{"@id":"https:\/\/erudito.lt\/en\/komanda\/grazina-jureviciene\/#primaryimage"},"image":{"@id":"https:\/\/erudito.lt\/en\/komanda\/grazina-jureviciene\/#primaryimage"},"thumbnailUrl":"https:\/\/erudito.lt\/wp-content\/uploads\/2025\/07\/535414848_2520095311687271_8435130450950225726_n.jpg","datePublished":"2025-07-25T13:27:46+00:00","dateModified":"2025-08-22T10:30:37+00:00","description":"Innovative educator with an interest in gifted education, continually expanding her experience through international Erasmus+ and Gifted projects.","breadcrumb":{"@id":"https:\/\/erudito.lt\/en\/komanda\/grazina-jureviciene\/#breadcrumb"},"inLanguage":"en-US","potentialAction":[{"@type":"ReadAction","target":["https:\/\/erudito.lt\/en\/komanda\/grazina-jureviciene\/"]}]},{"@type":"ImageObject","inLanguage":"en-US","@id":"https:\/\/erudito.lt\/en\/komanda\/grazina-jureviciene\/#primaryimage","url":"https:\/\/erudito.lt\/wp-content\/uploads\/2025\/07\/535414848_2520095311687271_8435130450950225726_n.jpg","contentUrl":"https:\/\/erudito.lt\/wp-content\/uploads\/2025\/07\/535414848_2520095311687271_8435130450950225726_n.jpg","width":1536,"height":1548},{"@type":"BreadcrumbList","@id":"https:\/\/erudito.lt\/en\/komanda\/grazina-jureviciene\/#breadcrumb","itemListElement":[{"@type":"ListItem","position":1,"name":"Home","item":"https:\/\/erudito.lt\/en\/"},{"@type":"ListItem","position":2,"name":"Gra\u017eina Jurevi\u010dien\u0117"}]},{"@type":"WebSite","@id":"https:\/\/erudito.lt\/#website","url":"https:\/\/erudito.lt\/","name":"erudito","description":"","potentialAction":[{"@type":"SearchAction","target":{"@type":"EntryPoint","urlTemplate":"https:\/\/erudito.lt\/?s={search_term_string}"},"query-input":{"@type":"PropertyValueSpecification","valueRequired":true,"valueName":"search_term_string"}}],"inLanguage":"en-US"}]}},"_links":{"self":[{"href":"https:\/\/erudito.lt\/en\/wp-json\/wp\/v2\/team-member\/3513","targetHints":{"allow":["GET"]}}],"collection":[{"href":"https:\/\/erudito.lt\/en\/wp-json\/wp\/v2\/team-member"}],"about":[{"href":"https:\/\/erudito.lt\/en\/wp-json\/wp\/v2\/types\/team-member"}],"wp:featuredmedia":[{"embeddable":true,"href":"https:\/\/erudito.lt\/en\/wp-json\/wp\/v2\/media\/3702"}],"wp:attachment":[{"href":"https:\/\/erudito.lt\/en\/wp-json\/wp\/v2\/media?parent=3513"}],"wp:term":[{"taxonomy":"department","embeddable":true,"href":"https:\/\/erudito.lt\/en\/wp-json\/wp\/v2\/department?post=3513"}],"curies":[{"name":"wp","href":"https:\/\/api.w.org\/{rel}","templated":true}]}}

Gražina Jurevičienė

<p>Teacher Gražina has nearly twenty years of professional experience. She earned a Bachelor’s degree in Education and a teaching qualification in Primary Education Pedagogy from Vilnius Pedagogical University. In recent years, she has been nominated as the “Most Innovative Primary School Teacher.” She continually enhances her knowledge and experience by participating in Erasmus+ projects, collaborating with and learning from partners in Paris, Avignon, Guadeloupe, Hungary, Romania, North Macedonia, and Israel.<br/><br/><br/>Gražina is well-versed in institutional pedagogy methods and practices, which focus on teaching children at a pace suited to them. She applies some of these methods directly in her classroom. She has a strong interest in gifted education and gains experience from the Ron Vardi Center for Gifted Children in Israel. Additionally, she serves as a lecturer at Vytautas Magnus University’s International Lithuanian-Israeli Education Center “Gifted.”      </p>

<p><strong>She follows</strong> the principle and lives by Mother Teresa’s belief: “Give time to give! The day is too short to be selfish.” </p>

<!-- This site is optimized with the Yoast SEO plugin v27.3 - https://yoast.com/product/yoast-seo-wordpress/ -->
<title>Gražina Jurevičienė | erudito</title>
<meta name="description" content="Innovative educator with an interest in gifted education, continually expanding her experience through international Erasmus+ and Gifted projects." />
<meta name="robots" content="index, follow, max-snippet:-1, max-image-preview:large, max-video-preview:-1" />
<link rel="canonical" href="https://erudito.lt/en/komanda/grazina-jureviciene/" />
<meta property="og:locale" content="en_US" />
<meta property="og:type" content="article" />
<meta property="og:title" content="Gražina Jurevičienė | erudito" />
<meta property="og:description" content="Innovative educator with an interest in gifted education, continually expanding her experience through international Erasmus+ and Gifted projects." />
<meta property="og:url" content="https://erudito.lt/en/komanda/grazina-jureviciene/" />
<meta property="og:site_name" content="erudito" />
<meta property="article:modified_time" content="2025-08-22T10:30:37+00:00" />
<meta property="og:image" content="https://erudito.lt/wp-content/uploads/2025/07/535414848_2520095311687271_8435130450950225726_n.jpg" />
	<meta property="og:image:width" content="1536" />
	<meta property="og:image:height" content="1548" />
	<meta property="og:image:type" content="image/jpeg" />
<meta name="twitter:card" content="summary_large_image" />
<meta name="twitter:label1" content="Est. reading time" />
	<meta name="twitter:data1" content="2 minutes" />
<script type="application/ld+json" class="yoast-schema-graph">{"@context":"https:\/\/schema.org","@graph":[{"@type":"WebPage","@id":"https:\/\/erudito.lt\/en\/komanda\/grazina-jureviciene\/","url":"https:\/\/erudito.lt\/en\/komanda\/grazina-jureviciene\/","name":"Gražina Jurevičienė | erudito","isPartOf":{"@id":"https:\/\/erudito.lt\/#website"},"primaryImageOfPage":{"@id":"https:\/\/erudito.lt\/en\/komanda\/grazina-jureviciene\/#primaryimage"},"image":{"@id":"https:\/\/erudito.lt\/en\/komanda\/grazina-jureviciene\/#primaryimage"},"thumbnailUrl":"https:\/\/erudito.lt\/wp-content\/uploads\/2025\/07\/535414848_2520095311687271_8435130450950225726_n.jpg","datePublished":"2025-07-25T13:27:46+00:00","dateModified":"2025-08-22T10:30:37+00:00","description":"Innovative educator with an interest in gifted education, continually expanding her experience through international Erasmus+ and Gifted projects.","breadcrumb":{"@id":"https:\/\/erudito.lt\/en\/komanda\/grazina-jureviciene\/#breadcrumb"},"inLanguage":"en-US","potentialAction":[{"@type":"ReadAction","target":["https:\/\/erudito.lt\/en\/komanda\/grazina-jureviciene\/"]}]},{"@type":"ImageObject","inLanguage":"en-US","@id":"https:\/\/erudito.lt\/en\/komanda\/grazina-jureviciene\/#primaryimage","url":"https:\/\/erudito.lt\/wp-content\/uploads\/2025\/07\/535414848_2520095311687271_8435130450950225726_n.jpg","contentUrl":"https:\/\/erudito.lt\/wp-content\/uploads\/2025\/07\/535414848_2520095311687271_8435130450950225726_n.jpg","width":1536,"height":1548},{"@type":"BreadcrumbList","@id":"https:\/\/erudito.lt\/en\/komanda\/grazina-jureviciene\/#breadcrumb","itemListElement":[{"@type":"ListItem","position":1,"name":"Home","item":"https:\/\/erudito.lt\/en\/"},{"@type":"ListItem","position":2,"name":"Gražina Jurevičienė"}]},{"@type":"WebSite","@id":"https:\/\/erudito.lt\/#website","url":"https:\/\/erudito.lt\/","name":"erudito","description":"","potentialAction":[{"@type":"SearchAction","target":{"@type":"EntryPoint","urlTemplate":"https:\/\/erudito.lt\/?s={search_term_string}"},"query-input":{"@type":"PropertyValueSpecification","valueRequired":true,"valueName":"search_term_string"}}],"inLanguage":"en-US"}]}</script>
<!-- / Yoast SEO plugin. -->

Gražina Jurevičienė | erudito
